 30 - 5. Let g = t + p. List the prime factors of g.
2, 3
Let w(g) = -2*g**3 + 4*g**2 + 33*g - 17. What are the prime factors of w(-8)?
3, 37
Suppose 2*u = -3*f + 1699, 4*f + 3*u - 2563 = -297. What are the prime factors of f?
5, 113
Let b(y) = y**2 + 2*y. Let t be b(-2). Let g(f) = -2*f + 35. Let x be g(t). Suppose 5*n = 3*r - 62, -11 + x = r - n. List the prime factors of r.
29
Suppose 3*t - 34 = -s, -t - 3*s - 4 = -10. Let n(l) = -l**2 + 20*l + 11. What are the prime factors of n(t)?
107
Suppose -1025 = -5*a + a - 5*g, -g + 1021 = 4*a. Suppose -j + 5*c - 276 = -4*j, 3*j = 2*c + a. What are the prime factors of j?
3, 29
Let s be 4/16*-10 + (-8)/16. Let v(n) = n**3 - n**2. Let t(k) = -2*k**3 - 4*k**2 + 2*k + 4. Let l(a) = -t(a) - v(a). List the prime factors of l(s).
2, 5
Let a(v) = 203*v**2 - 12*v - 17. What are the prime factors of a(-2)?
3, 7, 13
Let r = 816 - 546. Suppose -956 = -4*i - 3*n, -2*i + 5*n + r + 208 = 0. List the prime factors of i.
239
Suppose -r = -4*r - 15, -3*d + 559 = -5*r. List the prime factors of d.
2, 89
Suppose -2*g + 2*j - 7*j = -267, -690 = -5*g - 5*j. What are the prime factors of g?
3, 47
Suppose -5959 + 24691 = 21*y. List the prime factors of y.
2, 223
Suppose 0*g + g + q - 5 = 0, -q + 9 = 3*g. Suppose -34 = g*w - 104. List the prime factors of w.
5, 7
Let s be ((-6)/(-4))/(-3)*-4. Suppose s*t + 3*k = 15, -2*k + 10 = -t + 2*t. Suppose 4*d + 187 = 4*j + d, 5*j - 5*d - 235 = t. What are the prime factors of j?
2, 23
Let k(l) be the second derivative of l**3/6 + 5*l**2/2 + 5*l. Let m be k(-5). Suppose m = 3*x - 8*x + 45. List the prime factors of x.
3
Suppose -5*h + 10 = -10. List the prime factors of h + 5 + 43 - -2.
2, 3
Let i = 5915 - 4145. What are the prime factors of i?
2, 3, 5, 59
Suppose -137 = -5*q + 428. Suppose 0*d + 2*d + 5*l = q, -l - 215 = -4*d. Let n = d - 24. What are the prime factors of n?
2, 3, 5
Let k(v) be the third derivative of -7*v**4/6 - 11*v**3/6 - 24*v**2. What are the prime factors of k(-3)?
73
Let z(x) = 2*x - 16. Let r be z(8). Suppose 10*u - 5*u - 25 = r. List the prime factors of u.
5
Let c(u) = u**2 - 4*u - 2. Let h(v) = -14*v - 10. Let t(o) = -5*o - 3. Let d(f) = 4*h(f) - 11*t(f). Let g be d(-14). What are the prime factors of c(g)?
19
Let j = 524 - 195. List the prime factors of j.
7, 47
Suppose -2*t + 6058 = 19*j - 15*j, -3*j + 12 = 0. List the prime factors of t.
3, 19, 53
Let m = -107 + 94. What are the prime factors of 52/m + (1 - 1) + 70?
2, 3, 11
Let t be (-2)/(-5) - (-16)/10. Suppose -2*f - 3*i - 2 = 0, -f - i = 1 + t. Let h = f - -34. What are the prime factors of h?
3
Suppose -5*l + 239 = -146. Suppose y - 235 = -2*k - k, l = k + y. What are the prime factors of k?
79
Suppose 34*l - 33*l - 429 = 0. Let b = l + -239. List the prime factors of b.
2, 5, 19
Let o be (12/(-16))/(2/(-80)). Suppose o = 4*k - 98. List the prime factors of k.
2
Suppose 97*j + 142 = 98*j. List the prime factors of j.
2, 71
Let g = 7859 - 4777. What are the prime factors of g?
2, 23, 67
What are the prime factors of (3/(-6))/((-6)/6804)?
3, 7
Let g(a) = 275*a - 67. What are the prime factors of g(1)?
2, 13
Let b be (-10)/(-6) + (-1)/(-3). Let i be (0/(-3 + -1))/b. Suppose -5*n + 5*f + 110 = i, 7*f - 31 = -3*n + 3*f. What are the prime factors of n?
17
Let i be 3/(72/20 - 3). Suppose g = 2*p + 1, 4 + 41 = i*g - 2*p. List the prime factors of g.
11
Let f(r) = 4*r**2 - 16*r - 57. What are the prime factors of f(-15)?
3, 19
Let y(m) = m**3 - 1. Let v(w) = -3*w**3 - 7*w**2 - 2*w + 13. Suppose q = -5*g + 19, -2*g + 3 = -5. Let n(f) = q*v(f) - 4*y(f). List the prime factors of n(6).
3, 13
Let m be ((-12)/9 - (3 - 4))*-75. Suppose 5*a + m = 505. List the prime factors of a.
2, 3
Let c(a) = -14*a - 4 + 3 - 6 + 0*a. What are the prime factors of c(-7)?
7, 13
Suppose 4*f + 4*c - 312 = 8*c, -5*f = -3*c - 394. What are the prime factors of f?
2, 5
Suppose -5*x + 99 = -341. Let g = 83 + -135. Let y = x + g. List the prime factors of y.
2, 3
Suppose -5*g + 2*y + 61 + 6 = 0, -5*g + y = -66. Let k = g - -3. List the prime factors of k.
2
Suppose -253 = -4*f + 5*n, -3*n + 6 + 3 = 0. Let v be (-22)/(-6) - 1/(-3). Suppose 5*t = l + 2*l - f, -100 = -v*l - 4*t. What are the prime factors of l?
2, 3
Suppose -7*n + 26*n - 13528 = 0. List the prime factors of n.
2, 89
Suppose 3*y + 9 = 12. Let n be (-9)/3 + 2 + y. Suppose n = z - 2 - 52. What are the prime factors of z?
2, 3
Suppose -55*z + 75551 - 25446 = 0. List the prime factors of z.
911
Let n(i) = i**2 - 4*i - 2. Let w be n(5). List the prime factors of 461/5 - (w + 70/(-25)).
2, 23
Suppose -5*y = -8*y. Suppose -4*t - 3*o + 946 = y, 0 = -5*o + o + 8. List the prime factors of t.
5, 47
Suppose p + 7*x = 6*x + 3983, p - x - 3991 = 0. What are the prime factors of p?
3, 443
Suppose 0 = 784*j - 785*j + 3094. List the prime factors of j.
2, 7, 13, 17
Let o(m) = m + 11. Let x be o(-9). Suppose -k = k - x. Suppose -2*j + 9*z - 4*z = -47, 0 = -z - k. List the prime factors of j.
3, 7
Suppose -2 = -g, 2*a - 34 = -2*g - g. Let d = -14 + a. Suppose 2*f = -3*j + 216, 3*j + d*j - f = 207. List the prime factors of j.
2, 5, 7
Let b(j) = -j + 20. Let n be b(17). Suppose 0 = -5*i - n*k + 252, 0 = -i + 4*k - 5*k + 52. List the prime factors of i.
2, 3
Suppose -61*u - 2965 = -66*u. List the prime factors of u.
593
Suppose -2 = 7*q + 5. What are the prime factors of (8 - -230)*(q - -2)?
2, 7, 17
Suppose 3*l + 9 = 0, 2*l = 5*t + 231 - 1897. Let p = t - 172. What are the prime factors of p?
2, 5
Let q be (0 + 0)/((-21)/7). Suppose q = -13*s + 12*s. Suppose 3*z - 6*z + 90 = s. What are the prime factors of z?
2, 3, 5
Let g(f) = 5*f + 25. Let o(s) = 24*s + 125. Let y(w) = -11*g(w) + 2*o(w). What are the prime factors of y(-6)?
17
Let y = -10 - 8. What are the prime factors of 0 - 9/(y/160)?
2, 5
Suppose 7*l - 16 + 2 = 0. Suppose -l*j = -6*j + 612. Let b = j + -99. List the prime factors of b.
2, 3
What are the prime factors of 4 - 13/(52/(-792))?
2, 101
Suppose 0 = -30*k + 31*k - 5. Suppose k*z + 0*z - 360 = 0. What are the prime factors of z?
2, 3
Suppose 0 = -3*u + 4*s + 4 + 7, 0 = u - s - 4. Suppose -u*g + 178 = -37. What are the prime factors of g?
43
Suppose 2088 - 9458 = -11*u. What are the prime factors of u?
2, 5, 67
What are the prime factors of 8/(-6)*(-44)/(-16)*-81?
3, 11
Let j = 1254 + -1032. List the prime factors of j.
2, 3, 37
Suppose 0 = -i + 2*u - 40, -i - 5*u = -5*i - 145. Let p = i + 158. List the prime factors of p.
2
Suppose -3*p = n - 21 - 6, 0 = -5*p - n + 45. Suppose 96 = p*b - 8*b. List the prime factors of b.
2, 3
Let q = 1053 + -985. Suppose 0*h + 4*h = -68. Let y = q + h. List the prime factors of y.
3, 17
Let m(l) = l**3 + 5*l**2 + 2*l + 6. Let q be m(-4). Suppose 0 = q*d - 524 - 596. List the prime factors of d.
2, 5
Suppose 85 = 2*o - 23. Let n = o + -77. Let g = n - -61. What are the prime factors of g?
2, 19
Let c be 1 - 15/5*-31. Suppose 0 = 2*u - z - c, 31 = 5*u + z - 218. What are the prime factors of u?
7
Suppose -14024 = -5*l - 3*z - 5015, 2*l - 3603 = -z. What are the prime factors of l?
2, 3, 5
Suppose -o = -3 + 12. List the prime factors of (-161)/(-3) + (-3)/o.
2, 3
List the prime factors of (-1464)/(-8)*(0 + (1 - 0)).
3, 61
Let p(u) = u**3 + 46*u**2 - 37*u + 203. What are the prime factors of p(-46)?
3, 5, 127
Suppose 2*p - 5*q - 2146 = 0, -3*q = -5 - 1. List the prime factors of p.
2, 7, 11
Let z = 798 + -111. What are the prime factors of z?
3, 229
Let x be (-402)/(-8)*(-28)/(-21). Suppose -5*q = b - x, -2*b + 4*b - q - 134 = 0. What are the prime factors of b?
67
Let d be (-8)/(-3)*(-33)/(-22). Let g = d + 8. Suppose 0 = -h + g + 3. List the prime factors of h.
3, 5
Suppose 0 = 8*a - 1940 - 20268. List the prime factors of a.
2, 347
Let d(g) = 3*g - 28. Suppose 3*w - 2*w + 4 = 0, 4*p = -4*w + 76. List the prime factors of d(p).
41
Let p(n) = 5*n + 3. Suppose -m - 7 = -9. Let g = 8 - m. List the prime factors of p(g).
3, 11
Let l(u) = -u**2 + 3*u - 4. Let y be l(7). Suppose -7*q = -71 - 272. Let k = q + y. List the prime factors of k.
17
Suppose 17*s = -616 - 1050. Let i = -93 - s. List the prime factors of i.
5
Let q = 0 - -4. Suppose 0*c - c + 9 = p, -5*p + 41 = q*c. Suppose 7*x - 5*h = 2*x + 220, -c*h = 2*x - 58. What are the prime factor